 378*d**2 + d - 2. Let i be w(1). Suppose v - 373 = 3*h, -v + 11*h - 9*h + i = 0. What is the hundreds digit of v?
3
What is the units digit of 681/(-7 - 1589/(-224))?
4
Suppose -3*q = -3, 0 + 5 = 3*p - 4*q. Suppose 2632 = p*f + 5*f. What is the tens digit of f?
2
Suppose -3*k = 4*d - 17, -3*d = -7 + 1. Suppose -6*i = -2*q - 9744, k*i + 3*q - 4159 = 713. What is the thousands digit of i?
1
Let f(k) = k + 14. Let q be f(-9). Suppose -5*t = 3*n - 120, -q*n = -5*t - 126 - 34. What is the tens digit of n?
3
Let r = -229 - -233. Suppose -5*q = 3*h + h - 1309, h = r*q + 301. What is the units digit of h?
1
Let a be 0 + 1 + (2 - 1) + 101. Let m = a + -62. Suppose 0 = 2*z - 33 - m. What is the tens digit of z?
3
Let r(c) be the first derivative of 4*c**2 + 209*c - 84. What is the tens digit of r(-22)?
3
Let b(f) = -f**3 - 13*f**2 + 11*f + 2. Let i be b(-14). Let d = 47 - i. Suppose 0*z + m = d*z - 279, -186 = -2*z - m. What is the units digit of z?
3
Let p(f) = 377*f + 9578. What is the ten thousands digit of p(17)?
1
Suppose -33*i + 9944 = -11*i. What is the hundreds digit of i?
4
Let g(o) = 66*o**3 - 4*o**2 + o - 26. What is the hundreds digit of g(8)?
5
Let b(i) = -i**3 + 3*i**2 - 11*i + 2. Let v be b(4). Let w = v + 67. Let k = 14 - w. What is the units digit of k?
5
Suppose 0 = 55*u - 910837 - 313243. What is the hundreds digit of u?
2
Let u(h) = -2*h**3 - h. Let v be u(-1). Suppose -n = -0*n. Suppose -v*x + 23 - 17 = n. What is the units digit of x?
2
Let o = 13095 - 11668. What is the tens digit of o?
2
Suppose -2*o + 3*u + 15 = 0, -o + 3*u + 0*u = -6. Suppose 757 + 503 = o*h. What is the units digit of h?
0
Suppose 27*u - 45*u + 50814 = 0. What is the hundreds digit of u?
8
Let b(r) = -422*r**3 + 8*r**2 - 32*r + 32. Let n(k) = -141*k**3 + 3*k**2 - 11*k + 11. Let x(a) = -4*b(a) + 11*n(a). What is the tens digit of x(1)?
3
Suppose 4*d = i - 34, -5*d + 4*i - 40 = -d. Let r be (75/(-10) + 7)/(2/d). Suppose -5*z + 2*z - r*w = -109, -2*w = -z + 31. What is the units digit of z?
5
Let s(r) = 2*r**3 + 41*r**2 - 22*r - 19. Let a be s(-21). Suppose -5*z + 904 = 3*h, -5*h + 194 = -z + a*z. What is the units digit of z?
9
Let c(d) = -17*d**2 + 8*d - 1. Let p be c(6). Let w be 21 - 5 - 21*6/18. What is the units digit of 24/108 - p/w?
3
Suppose 6 = 2*l + 4*w, -l + 3*w = -0*l - 28. Suppose -f = -l*f + 192. Suppose 18*n = f*n + 62. What is the tens digit of n?
3
Let l = -2303 + 10855. What is the hundreds digit of l?
5
Let g = -58 + 23. Let n = 22 - g. Suppose -227 + n = -2*h. What is the tens digit of h?
8
Suppose 762 + 618 = 30*m. Let a = 138 + m. What is the tens digit of a?
8
Let a be 492/(-41)*(-1)/(-2). What is the hundreds digit of (-9)/a*-2*(-5250)/18?
8
Suppose 0 = 49*t - 36*t - 475904. What is the tens digit of t?
0
Suppose -b + 28*b - 57969 = 0. Let y = b - 938. What is the tens digit of y?
0
Let u be 8/6*(-516)/(-8). Suppose u*m = 88*m - 234. What is the units digit of m?
7
Let j be (-1 - -1)*8/(-16). Suppose -4*s + j*s = -4*v + 3700, 5*v = 4*s + 4629. What is the tens digit of v?
2
Let i(j) = 4*j**2 + 6*j - 4. Let h be i(-4). Let d be h/21 - (-4)/14. Suppose 0 = p - d*f - 52, -2*f + 89 = 2*p - 3*f. What is the tens digit of p?
4
Suppose 0 = n + 3*n + 3*h + 7, 4*n - 3*h - 23 = 0. Let w be ((-872)/(-12))/(n/(-6)). Let r = -114 - w. What is the tens digit of r?
0
Let d(c) = -c**3 - c**2 - 3*c + 127. Let f be (2/4)/((-4)/(-88) + 0). Suppose 3*l = f*l. What is the units digit of d(l)?
7
Suppose -s + 5*v = 16, -2*s - 2*v = 3*v - 28. Suppose -150 - 113 = -n + s*q, 0 = 3*n + 4*q - 837. What is the tens digit of n?
7
Let q be -1*(-4)/(8/6). Suppose 4*z = -q*f + z - 9, 8 = -f - 2*z. Suppose -f*s + 240 = 2*s. What is the units digit of s?
0
Suppose 0 = -2*c - 3*c + 35. Suppose c*r + 58 = -68. What is the hundreds digit of 1 + (-916)/(-9) - 4/r?
1
Let j be 6/(-24) - 834/(-8). Let f(p) = p**2 - 26*p - 41. Let z be f(26). Let n = j + z. What is the tens digit of n?
6
Let n(c) = 87*c - 29. Let b be n(4). Suppose 955 = -3*g - 2*g. Let h = g + b. What is the units digit of h?
8
Let m(x) = -3*x**3 - 27*x**2 - 7*x - 60. Let q(u) = -u**3 + u**2 + u - 2. Let b(p) = -m(p) + 2*q(p). What is the hundreds digit of b(-28)?
5
Suppose -4*y - 4*j + 1560 = 0, 118*j - 120*j - 1185 = -3*y. What is the units digit of y?
3
What is the tens digit of (-9)/(567/18243)*-7?
2
Let d be 63/81 - (-2)/9. Let b(s) = 305*s. Let j be b(d). Suppose -5*i = 3*v + 2*v - j, -3*i = v - 189. What is the tens digit of i?
6
Suppose -83160 = -28*g + 623364. What is the tens digit of g?
3
Suppose -129*l = -132*l + 6. Suppose 3*x - 660 = -l*i, -x + 771 + 539 = 4*i. What is the tens digit of i?
2
Let d = -101 - -106. What is the thousands digit of ((-414)/d)/((-5)/75)?
1
Let b(k) = -3*k**3 + 8*k**2 + 5*k - 1. Let p be b(-10). Suppose p = 7*m + 1341. What is the hundreds digit of m?
3
Let v(k) = -5*k - 2*k + 3 + 3 + 2 + k**2. Let s be v(5). What is the tens digit of (2 - -84) + -1 + 2/s?
8
Suppose 190 - 40 = 30*m. What is the thousands digit of (-5)/(m/(-1))*1487?
1
Suppose 19*l - 4995 = 78871. What is the thousands digit of l?
4
Let h be ((-3)/(-6)*93)/((-13)/130). Let n = h - -1270. What is the tens digit of n?
0
What is the units digit of (373980/1840)/(1587/792 + -2)?
8
Suppose 5*g - 5*l = -45, 5*g + 2*l - 15 = -39. Let v be -3*g/18*-17*153. What is the hundreds digit of v/(-15) + (-12)/(-20)*1?
1
Let x be 0/(18/(-27)*-3). What is the tens digit of (2 - x)*((-305)/10)/(-1)?
6
Let k(i) = -223*i - 2. Let a(y) = -y**3 - 10*y**2 + 11*y + 2. Let s be a(-11). Let q be k(s). Let l = -263 - q. What is the hundreds digit of l?
1
Let g be (-8)/(-18) + (-192)/(-54). What is the tens digit of (-6)/g*(-116864)/192?
1
Let i(n) = -n - n**2 + 2 + 6 + 14 - 2. Let v be i(4). Suppose v = 2*k + 2*c + 3 - 79, 166 = 5*k - 3*c. What is the units digit of k?
5
Let k(u) be the third derivative of 13*u**7/1680 + 31*u**6/720 + 7*u**5/60 - 30*u**2. Let i(r) be the third derivative of k(r). What is the tens digit of i(6)?
6
Let h(j) = 3*j + 41. Let n(m) = -m - 14. Let d(i) = 3*h(i) + 8*n(i). Let q be d(-8). Let r(o) = 5*o**2 + 3*o - 5. What is the units digit of r(q)?
9
Suppose 4*l + 10 = -l. Let g(r) = -168*r - 23. Let j(i) = -112*i - 16. Let s(o) = 5*g(o) - 7*j(o). What is the hundreds digit of s(l)?
1
Let p be (3 - 4)/(7/(-112)). Suppose -11*o = p*o - 19008. What is the units digit of o?
4
Suppose 9*v - 25005 + 6204 = 0. Suppose 3*b + 2*h = 2117, b + 5*h = 4*b - v. What is the tens digit of b?
0
Let q be -15*(4/(-2) - (-6)/6). Suppose -q*c + 13*c + 308 = 0. What is the units digit of c?
4
Let g = 23536 - 12435. What is the ten thousands digit of g?
1
Let b = -5 - -11. Let o be b/(-9) - 618/(-9). Let l = o + -40. What is the tens digit of l?
2
Suppose -2*c = -0*y - y + 8, 3*y - 12 = 2*c. What is the tens digit of -1 - (-8 + (-1042)/y)?
2
Let t(z) = z**3 - 3*z**2 + 2*z + 7. Let n be t(3). Suppose -n*c = -14*c + 78. Suppose 3*f - c = -27. What is the tens digit of f?
1
Let d(m) = 30 - 28 + 0*m**2 + 12*m**3 + 7*m**2 - 2*m - 9*m. What is the hundreds digit of d(3)?
3
Suppose 0 = -5*s + 25, 2*s + 7 = -4*l + 37. Suppose 5*v + 10 = 0, 3*k - l = -4*v - 1. Let g(j) = -3*j + 15. What is the units digit of g(k)?
3
Let k(v) be the third derivative of -v**6/120 + 3*v**5/5 - 19*v**4/12 + 115*v**3/6 + 63*v**2. What is the tens digit of k(35)?
1
Let h = 153 - 123. Suppose -h*j = -5*j - 575. What is the tens digit of j?
2
Suppose -26*o = -31*o + c + 164622, o + c = 32916. What is the units digit of o?
3
Let v = -9 + 11. Let a(n) = n**2 - v*n**2 - 11*n + 28 - 2*n. What is the units digit of a(-7)?
0
What is the tens digit of (-113)/(1017/(-756))*((-267)/(-4) + -1)?
2
Let g = 80 + -75. Suppose -5*r - 4 = 2*y - g, 3*y - 2*r - 11 = 0. Suppose -608 = -t - y*t. What is the tens digit of t?
5
Suppose -5*l = 3*m - 83580, 4*m - 21 = -1. What is the tens digit of l?
1
What is the hundreds digit of (-26491)/(-1) + 3*(-10 - -7)?
4
Let s = -14292 + 16912. What is the tens digit of s?
2
Let g = 40261 - 10964. What is the hundreds digit of g?
2
Suppose -1699687 + 6624033 = 82*g. What is the tens digit of g?
5
Let y = 40 - 38. Let r = 1 + -1. Suppose r = -3*g + p + 111, g = -2*g - y*p + 120. What is the tens digit of g?
3
Suppose 693 = -5*o + 4*m - 6*m, 